2)/33 + 59/3.
16
Let n = 58 + -43. What is the remainder when 42 is divided by n?
12
Let n = -28 - -40. What is the remainder when 23 is divided by n?
11
Let v(p) = 111*p - 1. Let b(s) = -110*s + 1. Let j(q) = -4*b(q) - 3*v(q). Calculate the remainder when j(1) is divided by 27.
25
Suppose -c - f + 6 = 0, 12 = c - 3*f + 2. Suppose -2 = -5*j - c. Let r = 4 - j. Calculate the remainder when 9 is divided by r.
4
Let t(b) = 15*b - 3. Suppose -2*o + 15 + 5 = u, u - 17 = -o. Calculate the remainder when t(2) is divided by u.
13
Let q = 18 - 14. Calculate the remainder when 9 is divided by q.
1
Let h = 17 + -14. What is the remainder when 65 is divided by (16 - -1)/(4 - h)?
14
Let d be (1*-4)/(-4)*13. Suppose 0*m - 4*m + 2*r = -14, 3*r = -3. Let c = d - m. What is the remainder when 29 is divided by c?
9
Calculate the remainder when 30 is divided by 2/10 - (-316)/20.
14
Let w be ((-9)/(-3) - 1) + 1. Let d(h) = h. Let p be d(w). What is the remainder when 2 is divided by (-3)/((-9)/p)*1?
0
Calculate the remainder when (-1972)/(-119) - 6/(-14) is divided by 9.
8
Suppose 11 = 6*q - 25. What is the remainder when q is divided by 2?
0
Suppose -s + 2*r + 17 = 0, -4*s - 4*r + 88 = -2*r. Calculate the remainder when s is divided by 8.
5
Let q be 1 + 9 + (-1 - 2). Suppose 3*c + 2*c = 25. What is the remainder when (q/(-3))/(1/(-6)) is divided by c?
4
Let a = -17 - -35. Let p(k) = 38*k**3 - 2*k**2 - k. Let s be p(-1). Let w = s - -73. Calculate the remainder when w is divided by a.
16
What is the remainder when (-3)/15 + (-1224)/(-20) is divided by 16?
13
Suppose -2*i = 2*i - 28. Calculate the remainder when (i + 0)/(1/2) is divided by 24*(0 - (-1)/3).
6
Let m be 3/12 + (-34)/8. What is the remainder when (-103)/m + (-3)/(-12) is divided by 9?
8
Calculate the remainder when -4 + 2 + (-3 - -69) is divided by 33.
31
Suppose 5*x = a + 14, 4*a - 2 = 3*x + 10. What is the remainder when 10 is divided by a?
4
Let k be 2/(2 - 3) + 5. Let y be -11 + (k - 3)*-1. Let w(i) = -i**2 - 10*i + 16. Calculate the remainder when 8 is divided by w(y).
3
Suppose 4*l - 49 = -3*j, l = -5*j + 47 + 46. Calculate the remainder when j is divided by 7.
5
Let a be 9/(-6)*(-4)/3. Let s = a + 4. Suppose 5*o + 24 = p, -40 = 4*p - s*p + 2*o. What is the remainder when p is divided by 10?
9
Let i = 10 - -17. Suppose -3*j = 4*v - v - 33, 0 = -2*v + j + 7. What is the remainder when i is divided by v?
3
Suppose 145 = 5*i - 5*n, 0*i - 5*n = -2*i + 73. Calculate the remainder when 70 is divided by i.
22
Let f(n) be the first derivative of n**4/4 - 2*n**3 - 3*n**2 - 4*n - 2. Let d be f(7). Suppose d*i - 50 = i. What is the remainder when i is divided by 9?
7
Suppose -4*x + 8 = -0*x. Suppose -4*i = x + 30. Let q(g) = -g**3 - 8*g**2 - 2*g. What is the remainder when 30 is divided by q(i)?
14
Suppose -3 = -2*s - 4*p - p, -24 = -2*s + 2*p. Calculate the remainder when s is divided by 4.
1
Let t(z) = z**3 - 2*z**2 + 2. Let u be t(2). Calculate the remainder when -8*(2 - (u + 7)) is divided by 19.
18
Suppose -3 = 3*w, 3 + 16 = 2*v + 3*w. Calculate the remainder when 20 is divided by v.
9
Suppose 0 = -5*j + 75 - 20. Suppose 61 = 2*w + j. Suppose 2*a - 5 - 21 = 0. What is the remainder when w is divided by a?
12
Suppose -4*u + 21 = -3*a + 64, -4*a + u = -79. What is the remainder when a is divided by 8?
5
Suppose 2*i + 2*s + 2 = 6, 5*s - 4 = -2*i. What is the remainder when 2 is divided by i?
0
Suppose -255 = -5*o + 2*h, 0 = -2*o + h - 0*h + 102. Calculate the remainder when o is divided by 13.
12
Let t(w) = 2*w**3 - w + 2. Calculate the remainder when 11 is divided by t(1).
2
Let b(h) = -h**3 - h**2 + h + 29. Calculate the remainder when b(0) is divided by 16.
13
Suppose -2*u - 257 = 5*a, 8*u - 4*u + 444 = 4*a. Let m = u - -221. Suppose -3*v = 2*v - m. Calculate the remainder when v is divided by 11.
10
Let z be (6/9 - 0)*30. Let n = -10 + z. What is the remainder when 39 is divided by n?
9
Let n = 43 + -18. What is the remainder when 47 is divided by n?
22
Let q be (-136)/(-48) - (-1)/6. Suppose q*u - 3*o = 87, -u + 5*u - 2*o = 112. Calculate the remainder when u is divided by 15.
12
Let y = 112 - 95. What is the remainder when 151 is divided by y?
15
Suppose 5*s - 68 = 42. Let o = -13 + s. What is the remainder when 25 is divided by o?
7
Let t = -2 + 16. Let a be 4/32*4*0. Calculate the remainder when (2 + a)*(-82)/(-4) is divided by t.
13
Calculate the remainder when 6/(-18)*-33*2*1 is divided by 7.
1
Suppose 6*u = 9*u - 192. What is the remainder when u is divided by 17?
13
Suppose 68 = t + 3*t. Calculate the remainder when (-14)/3*63/(-6) is divided by t.
15
Let y = -22 + 32. What is the remainder when 33 is divided by y?
3
Suppose 2 = c - 0*c. Suppose 0*h = -h + t, c*h = t - 3. Calculate the remainder when -4*h/6 - -45 is divided by 16.
15
Suppose -2*o + 0*o = -4. Suppose o*i = i + 16. Let d = -118 + 165. Calculate the remainder when d is divided by i.
15
Suppose -6*v - 260 = -19*v. Calculate the remainder when 56 is divided by v.
16
Let r(n) = n**2 + 5*n - 5. Let f be r(-8). Let v = f - -6. What is the remainder when 73 is divided by v?
23
Let n = 1 + 2. Suppose -3*k - n = -36. What is the remainder when 32 is divided by k?
10
Suppose j - 6*j = c - 26, -2*j + 104 = 4*c. What is the remainder when c is divided by 17?
9
Let m(y) = y**2 + y - 3. Let k be m(-3). Suppose -5*h + 2*z = -52, -36 = h - k*h - 3*z. Calculate the remainder when 34 is divided by h.
10
Let r = 30 + 39. Calculate the remainder when r is divided by 24.
21
Let k = -31 + 46. What is the remainder when 56 is divided by k?
11
Suppose 0 = 3*m - 4*m + 14. Let f be 5 + 4/2 + -3. Suppose 0 = 2*b - 3*b - f*z + 21, -5*z + 15 = -b. What is the remainder when m is divided by b?
4
Let x = -11 + 16. Suppose -2*i + 70 + 24 = x*r, -2*r + 4*i + 28 = 0. What is the remainder when 51 is divided by r?
15
Let j = -6 - -35. Calculate the remainder when 85 is divided by j.
27
Suppose 30 = -0*j + 2*j - 2*s, 3*j - 49 = -s. Calculate the remainder when 31 is divided by j.
15
Suppose -w - 5 + 3 = 0. Calculate the remainder when (10/20)/(w/(-196)) is divided by 17.
15
Suppose -15*q + 910 = -8*q. What is the remainder when q is divided by 35?
25
Let l(c) = -18*c**3 + c**2 + 4*c + 3. What is the remainder when l(-1) is divided by (-1)/(-3)*-1*-21?
4
Suppose -3*x = -4 + 40. Let g = x - -18. Calculate the remainder when 10 is divided by g.
4
Suppose 9*q + 12 = 12*q. Suppose q*n - 42 = 170. What is the remainder when n is divided by 14?
11
Suppose 0 = 3*n - 12. Suppose 2*f - 5*i = -f + 17, 4*f - n*i = 20. Suppose f*b - 37 = 83. Calculate the remainder when b is divided by 16.
14
Let d(m) = m**3 - 4*m + 3. Let g be d(2). Let r be 6 - (0 - 2 - -3). Suppose r*w + z + z = 31, -5*w + 16 = -g*z. What is the remainder when 8 is divided by w?
3
Suppose -4*b + 229 - 81 = 0. Let d = 87 + -77. Calculate the remainder when b is divided by d.
7
Suppose 6*n - n + 4*u + 252 = 0, n + 44 = -4*u. Let d = -36 - n. What is the remainder when (10/(-4))/((-4)/d) is divided by 6?
4
Suppose 2*u - 187 = -4*d + d, 5*d - 280 = -3*u. Let h = -49 + u. Suppose -14 = -4*k + h. What is the remainder when 44 is divided by k?
14
Suppose 2*y + 0*k = -5*k + 308, -4*k + 16 = 0. Suppose 3*z = -0*n - n + y, 50 = z + n. Calculate the remainder when 38 is divided by z/5 - 15/(-25).
8
Suppose 0*x = 3*x - 87. Suppose -3*o = -3*f - 9, -27 + 7 = -4*o - 4*f. Let z(b) = b**2 - 2*b + 2. What is the remainder when x is divided by z(o)?
9
Let l = -6 - -22. What is the remainder when 45 is divided by l?
13
Suppose -2*a + s - 2 = -3*s, -a - 5*s = -6. Let i = 3 - 6. Let q = a - i. What is the remainder when 11 is divided by q?
3
Let n(t) = t**3 + t**2 + t - 4. Let i be (1 + -3)*(-3 - -2). What is the remainder when 27 is divided by n(i)?
7
Suppose -3*t + 78 + 36 = 0. What is the remainder when t is divided by 10?
8
Let l(n) = -3*n + 11. Let r(b) = -7*b + 22. Let a(m) = -5*l(m) + 2*r(m). Calculate the remainder when 7 is divided by a(16).
2
Let o = -172 - -181. Suppose m = 4 - 1. Suppose 2*u = u + 2*g + 36, 0 = m*u - 2*g - 104. Calculate the remainder when u is divided by o.
7
Let l be ((-1)/3)/((-5)/165). Let h = -8 + l. Suppose -h - 8 = 2*i + 5*s, -i + 4*s = -14. What is the remainder when 4 is divided by i?